 12) in base 16?
-809e
Convert 137062 (base 9) to base 4.
110132303
37247425 (base 8) to base 13
1916c22
Convert 1013013334 (base 5) to base 6.
112322003
Convert 13b (base 12) to base 4.
2333
Convert 122012020122 (base 3) to base 12.
143a2b
-6051131 (base 8) to base 9
-2888430
-23344006 (base 9) to base 16
-ad70ae
What is -110835 (base 9) in base 7?
-364160
What is -12311430 (base 5) in base 2?
-11101001100111111
Convert 1110111111111101001000 (base 2) to base 14.
744d16
Convert c4c665 (base 15) to base 6.
532315105
What is 3b5e9 (base 16) in base 9?
410516
20bd4 (base 14) to base 3
11000121101
What is -58823 (base 11) in base 7?
-502236
Convert -10011000111001101011110 (base 2) to base 14.
-945c86
What is -44231224 (base 5) in base 8?
-1354522
-85ad4c (base 14) to base 9
-8455675
-32042103 (base 5) to base 7
-2165342
What is 644243 (base 7) in base 10?
111947
-110101221112 (base 3) to base 14
-64db1
23a3a56 (base 13) to base 11
6275702
What is 1071b0 (base 12) in base 16?
3fc54
What is 814b06 (base 15) in base 5?
3033012411
Convert -213442234 (base 5) to base 6.
-31430305
What is -212a9 (base 13) in base 5?
-3403141
Convert 48419 (base 13) to base 16.
205a6
Convert 1400361 (base 7) to base 13.
6630c
What is -1341505 (base 7) in base 14?
-48d75
-36342 (base 9) to base 5
-1234323
11420070 (base 9) to base 3
101110200002100
Convert -24133460 (base 8) to base 2.
-10100001011011100110000
-93957 (base 16) to base 12
-2519b3
Convert -1103367 (base 11) to base 13.
-52a8a2
Convert 24716c (base 14) to base 15.
19a042
What is 11101000011011111000 (base 2) in base 7?
11043450
What is 1356777 (base 11) in base 16?
23a844
Convert -129bca (base 15) to base 10.
-893665
3aa13 (base 11) to base 4
32101121
101111010111010101 (base 2) to base 8
572725
Convert -20022020 (base 4) to base 12.
-17408
Convert 20423314 (base 5) to base 9.
278738
Convert 11023233130 (base 4) to base 12.
556424
What is -1440503 (base 6) in base 5?
-10130002
What is 130233003 (base 5) in base 14?
126c23
What is 221000012112 (base 3) in base 2?
1111000001011000000
What is -76224 (base 14) in base 16?
-45c68
Convert -8341501 (base 9) to base 13.
-c00325
Convert 1a4d951 (base 14) to base 15.
123b282
2c96e3 (base 15) to base 5
1023030223
-31302000 (base 4) to base 14
-16800
4530021 (base 7) to base 15
b1719
-31132266 (base 7) to base 9
-4822466
-2030220 (base 8) to base 14
-dd852
What is 53a746 (base 12) in base 10?
1324710
What is -13102d (base 14) in base 10?
-655857
Convert -5341436 (base 8) to base 9.
-2613343
What is -371c3 (base 15) in base 8?
-527444
82c76 (base 13) to base 2
111001010111111111
13123202 (base 5) to base 15
286d7
What is -446314 (base 7) in base 6?
-1405544
What is -4c809 (base 13) in base 12?
-6a1a9
Convert 3112121204 (base 5) to base 16.
611b19
Convert -6580116 (base 9) to base 4.
-31133121123
Convert -b069a (base 13) to base 15.
-6365c
-3871b (base 13) to base 5
-11320331
What is -3b4d47 (base 16) in base 11?
-2214a08
923763 (base 10) to base 12
386703
Convert -22c65ca (base 13) to base 16.
-a41469
Convert 26796 (base 14) to base 5.
11013200
Convert -23550362 (base 7) to base 13.
-5851c1
6b983 (base 12) to base 5
14113234
Convert -173767 (base 12) to base 10.
-400255
2030010122 (base 4) to base 13
1711a6
49a749 (base 13) to base 6
101501151
212220001112 (base 3) to base 4
1302303212
-304082 (base 10) to base 16
-4a3d2
What is -73252c (base 14) in base 2?
-1110110100110110111100
-2013013030 (base 4) to base 15
-ade9a
-165532232 (base 7) to base 2
-101011011011110111101101
Convert -31758a1 (base 12) to base 5.
-4344034344
Convert b884c5 (base 13) to base 12.
154a530
What is -11b9602 (base 12) in base 8?
-15213442
3bb55 (base 12) to base 13
2b943
Convert -2ac22a (base 15) to base 11.
-1191233
3032030423 (base 5) to base 2
10111010111110110001100
Convert -25b2c1 (base 15) to base 16.
-1b9cdf
Convert -313003450 (base 6) to base 11.
-309994a
What is 614aa1 (base 11) in base 10?
987592
What is 221200130 (base 4) in base 15?
35592
What is 23345043 (base 6) in base 3?
1101001122000
-25214354 (base 6) to base 8
-3057776
Convert 217882 (base 9) to base 5.
13133414
What is -1a166b (base 12) in base 2?
-1110000000001110011
What is 12786206 (base 9) in base 2?
11000000110000011000000
What is 11010020 (base 5) in base 16?
170b1
Convert -11662612 (base 9) to base 14.
-a88cad
-70457 (base 11) to base 16
-19279
What is -1120220202221 (base 3) in base 16?
-ce3cb
Convert 1604556 (base 9) to base 2.
11011001000100010011
Convert -2603466 (base 7) to base 2.
-1010010011000000101
215454060 (base 7) to base 10
13022037
31709 (base 16) to base 9
337705
31311033121 (base 4) to base 13
99c53b
Convert 12421011 (base 5) to base 14.
32cc0
What is -4ba53b (base 12) in base 7?
-13360310
Convert -43534021 (base 6) to base 5.
-313201412
Convert 222441422 (base 5) to base 14.
1b884b
11100111100101101011 (base 2) to base 8
3474553
What is -4127256 (base 9) in base 13?
-5c1acb
What is -fb821 (base 16) in base 14?
-1cb601
-867683 (base 9) to base 7
-4253343
Convert 3012023201 (base 4) to base 5.
201433440
-2014222 (base 8) to base 2
-10000001100010010010
What is 91078 (base 11) in base 2?
100000100001000001
What is -1b802a (base 15) in base 4?
-11013330322
What is 3814340 (base 11) in base 12?
2275033
What is b17e (base 15) in base 8?
111135
What is -2d2858 (base 16) in base 5?
-1224200243
Convert -1347777 (base 11) to base 9.
-4331245
-138a86 (base 14) to base 10
-677102
Convert -1002241012 (base 5) to base 10.
-1993257
Convert 1806753 (base 11) to base 13.
835ac2
What is -237649 (base 12) in base 2?
-10001011110111011001
Convert -61500 (base 10) to base 14.
-185ac
-a3af74 (base 16) to base 3
-202012000001211
What is 11111011211211 (base 3) in base 15?
321aba
Convert 214055 (base 9) to base 11.
87983
-46a7027 (base 11) to base 5
-4100131211
-311350 (base 9) to base 4
-231012111
Convert -200223330301 (base 4) to base 5.
-4143144000
What is -1202000010 (base 3) in base 15?
-a246
What is 362182b (base 12) in base 5?
10141322311
What is 4214014 (base 6) in base 3?
101101022101
30230144 (base 5) to base 14
6456d
Convert -13311202 (base 4) to base 12.
-166aa
Convert -23101330011 (base 4) to base 11.
-173a758
-11010110100100101 (base 2) to base 13
-3b00b
Convert 12520420 (base 6) to base 14.
ab2a0
-246131514 (base 7) to base 16
-ed56e5
Convert -1110202110 (base 3) to base 2.
-111000100110111
-13036304 (base 7) to base 11
-73aa93
What is -253532 (base 6) in base 11?
-16210
What is -7a673 (base 13) in base 8?
-663435
Convert -17204372 (base 8) to base 3.
-21112012221221
1130405 (base 6) to base 12
29a05
Convert 41aabd (base 15) to base 14.
5b4847
572113 (base 14) to base 4
23103210111
What is -4033314 (base 6) in base 9?
-321341
Convert -2121240 (base 5) to base 15.
-a930
Convert -14223331 (base 5) to base 11.
-a1703
-111123323 (base 4) to base 13
-30c71
12010210031 (base 4) to base 10
1591565
-251d47 (base 16) to base 15
-330a52
What is 61439b (base 13) in base 9?
4233011
-256042 (base 12) to base 2
-10010101010110110010
Convert 57b6c (base 13) to base 9.
263585
24b5b4 (base 16) to base 9
4466134
What is -10100413 (base 8) in base 14?
-3d6443
What is e5e26f (base 16) in base 11?
8560101
Convert -2db39 (base 16) to base 14.
-4c30d
What is -174727 (base 13) in base 12?
-240434
What is -35155404 (base 6) in base 2?
-100001001110000111100
-2452021 (base 7) to base 15
-63607
Convert -111861 (base 9) to base 8.
-202742
-10022222001 (base 3) to base 16
-10030
38385 (base 13) to base 2
11001010111000011
What is 5240cb (base 13) in base 2?
111010101010111101110
What is 71c970 (base 15) in base 12?
198a180
What is -12324 (base 9) in base 8?
-20134
Convert -29da7 (base 15) to base 8.
-407063
Convert -4bc0d (base 15) to base 12.
-b82aa
550393 (base 12) to base 13
38297a
What is -3542460 (base 7) in base 14?
-b9130
Convert 34134222 (base 5) to base 6.
10252101
Convert -132054011 (base 7) to base 4.
-200113110101
Convert -603734 (base 11) to base 9.
-1740182
Convert -14140326 (base 7) to base 12.
-538379
Convert 155178 (base 12) to base 9.
610652
What is -16154a (base 16) in base 3?
-2201112020120
-1113412220 (base 5) to base 2
-1001011110000000001001
Convert -511442 (base 11) to base 13.
-22a061
What is -54647 (base 8)